{"id":11,"date":"2014-01-25T22:36:18","date_gmt":"2014-01-25T20:36:18","guid":{"rendered":"http:\/\/www.regattaverein-wuerzburg.de\/neu\/?page_id=11"},"modified":"2022-12-21T10:28:19","modified_gmt":"2022-12-21T08:28:19","slug":"der-regattaverein-stellt-sich-vor","status":"publish","type":"page","link":"http:\/\/www.regattaverein-wuerzburg.de\/?page_id=11","title":{"rendered":"Der Regattaverein stellt sich vor"},"content":{"rendered":"<p>2019 blickt der Regattaverein W\u00fcrzburg auf 100 Jahre Bestehen und 143 Jahre Wettkampfrudern in W\u00fcrzburg zur\u00fcck. Mit einer Freundschaftsregatta zwischen dem Frankfurter RV und dem W\u00fcrzburger Ruderverein von 1875 begann eine lange Tradition W\u00fcrzburger Regatten.<br \/>\nFast ununterbrochen fand und findet seitdem jedes Jahr in W\u00fcrzburg eine Ruderregatta statt. War es lange Zeit eine 500 Meter Sprintregatta, traditionell im Sommer, so erleben wir seit 1987 im Oktober die inzwischen in ganz Deutschland (und dar\u00fcber hinaus) bekannte <b>Fr\u00e4nkische Bocksbeutelregatta!<\/b><br \/>\n<a title=\"100 Jahre Regattaverein W\u00fcrzburg \u2013 Eine Chronik\" href=\"http:\/\/www.regattaverein-wuerzburg.de\/?page_id=292\">Lesen Sie hier eine ausf\u00fchrliche Chronik des Wettkampfruderns in W\u00fcrzburg und zur Geschichte des Regattavereins!<\/a><br \/>\nNeben der traditionellen Regattaausrichtung veranstaltet der Regattaverein das allj\u00e4hrliche Anrudern am 1. Mai, mit dem die Rudersaison offiziell er\u00f6ffnet wird.<br \/>\nSeit einigen Jahren unterst\u00fctzten die Mitglieder der Regattavereines auch den Behindertensport.<br \/>\nDer Regattaverein W\u00fcrzburg hat selbst kein Bootshaus. Wenn Sie also in W\u00fcrzburg rudern m\u00f6chten, kontaktieren Sie einfach einen der W\u00fcrzburger Rudervereine (Liste links im Men\u00fc).<\/p>\n<p><b>Anschrift:<\/b><br \/>\nRegattaverein W\u00fcrzburg e.V.<br \/>\nc\/o Jan Philipp Neumann<br \/>\nHubertusweg 4<br \/>\n<span style=\"text-decoration: underline;\">97082 W\u00fcrzburg<\/span><\/p>\n<p><b>Bankverbindung:<\/b><br \/>\nSparkasse Mainfranken<br \/>\nIBAN DE45 7905 0000 0042 0011 07<br \/>\nBIC BYLADEM1SWU<\/p>\n<p><b>Ansprechpartner:<\/b><br \/>\n1. Vorsitzender: <a href=\"mailto:vorstand@regattaverein-wuerzburg.de\">Jan-Philipp Neumann<\/a><br \/>\nstv. Vorsitzender: <a href=\"mailtp:meldung@regattaverein-wuerzburg.de\">Tilman Schenk<\/a> (Regattaleitung)<br \/>\nstv. Vorsitzender: <a href=\"mailto:technik@regattaverein-wuerzburg.de\">Bernd Fr\u00f6hling<\/a> (Technik)<\/p>\n","protected":false},"excerpt":{"rendered":"<p>2019 blickt der Regattaverein W\u00fcrzburg auf 100 Jahre Bestehen und 143 Jahre Wettkampfrudern in W\u00fcrzburg zur\u00fcck. Mit einer Freundschaftsregatta zwischen dem Frankfurter RV und dem W\u00fcrzburger Ruderverein von 1875 begann eine lange Tradition W\u00fcrzburger Regatten. Fast ununterbrochen fand und findet seitdem jedes Jahr in W\u00fcrzburg eine Ruderregatta statt. War es lange Zeit eine 500 Meter [&hellip;]<\/p>\n","protected":false},"author":1,"featured_media":0,"parent":0,"menu_order":0,"comment_status":"closed","ping_status":"closed","template":"","meta":{"footnotes":""},"class_list":["post-11","page","type-page","status-publish","hentry"],"_links":{"self":[{"href":"http:\/\/www.regattaverein-wuerzburg.de\/index.php?rest_route=\/wp\/v2\/pages\/11","targetHints":{"allow":["GET"]}}],"collection":[{"href":"http:\/\/www.regattaverein-wuerzburg.de\/index.php?rest_route=\/wp\/v2\/pages"}],"about":[{"href":"http:\/\/www.regattaverein-wuerzburg.de\/index.php?rest_route=\/wp\/v2\/types\/page"}],"author":[{"embeddable":true,"href":"http:\/\/www.regattaverein-wuerzburg.de\/index.php?rest_route=\/wp\/v2\/users\/1"}],"replies":[{"embeddable":true,"href":"http:\/\/www.regattaverein-wuerzburg.de\/index.php?rest_route=%2Fwp%2Fv2%2Fcomments&post=11"}],"version-history":[{"count":9,"href":"http:\/\/www.regattaverein-wuerzburg.de\/index.php?rest_route=\/wp\/v2\/pages\/11\/revisions"}],"predecessor-version":[{"id":557,"href":"http:\/\/www.regattaverein-wuerzburg.de\/index.php?rest_route=\/wp\/v2\/pages\/11\/revisions\/557"}],"wp:attachment":[{"href":"http:\/\/www.regattaverein-wuerzburg.de\/index.php?rest_route=%2Fwp%2Fv2%2Fmedia&parent=11"}],"curies":[{"name":"wp","href":"https:\/\/api.w.org\/{rel}","templated":true}]}}