{"id":54,"date":"2014-01-26T14:44:26","date_gmt":"2014-01-26T12:44:26","guid":{"rendered":"http:\/\/www.regattaverein-wuerzburg.de\/neu\/?page_id=54"},"modified":"2024-10-10T15:29:43","modified_gmt":"2024-10-10T13:29:43","slug":"sattelplatz","status":"publish","type":"page","link":"http:\/\/www.regattaverein-wuerzburg.de\/?page_id=54","title":{"rendered":"Sattelplatz"},"content":{"rendered":"\n<p><\/p>\n\n\n\n<p>Auf gr\u00fcnen Wiesen unter hohen B\u00e4umen befindet sich der Sattelplatz, wo gen\u00fcgend Platz f\u00fcr die Bootswagen ist. Nur die Zugfahrzeuge bitten wir auf den \u00f6ffentlichen Parkpl\u00e4tzen au\u00dferhalb des Gel\u00e4ndes abzustellen.<\/p>\n\n\n\n<figure class=\"wp-block-image size-large\"><img decoding=\"async\" src=\"http:\/\/www.regattaverein-wuerzburg.de\/neu\/wp-content\/uploads\/Lageplan-1024x709.jpg\" alt=\"\" class=\"wp-image-614\"\/><\/figure>\n\n\n\n<div align=\"center\">&nbsp;<\/div>\n\n\n\n<p>Hier einige Impressionen:<\/p>\n\n\n\n<figure class=\"wp-block-image\"><img decoding=\"async\" src=\"http:\/\/www.regattaverein-wuerzburg.de\/neu\/bilder\/Sattelplatz1.jpg\" alt=\"Sattelplatz\"\/><\/figure>\n\n\n\n<figure class=\"wp-block-image\"><img decoding=\"async\" src=\"http:\/\/www.regattaverein-wuerzburg.de\/neu\/bilder\/Sattelplatz2.jpg\" alt=\"Sattelplatz\"\/><\/figure>\n\n\n\n<figure class=\"wp-block-image\"><img decoding=\"async\" src=\"http:\/\/www.regattaverein-wuerzburg.de\/neu\/bilder\/Sattelplatz3.jpg\" alt=\"Sattelplatz\"\/><\/figure>\n\n\n\n<div align=\"center\"><br><br><\/div>\n","protected":false},"excerpt":{"rendered":"<p>Auf gr\u00fcnen Wiesen unter hohen B\u00e4umen befindet sich der Sattelplatz, wo gen\u00fcgend Platz f\u00fcr die Bootswagen ist. Nur die Zugfahrzeuge bitten wir auf den \u00f6ffentlichen Parkpl\u00e4tzen au\u00dferhalb des Gel\u00e4ndes abzustellen. &nbsp; Hier einige Impressionen:<\/p>\n","protected":false},"author":1,"featured_media":0,"parent":0,"menu_order":0,"comment_status":"closed","ping_status":"closed","template":"","meta":{"footnotes":""},"class_list":["post-54","page","type-page","status-publish","hentry"],"_links":{"self":[{"href":"http:\/\/www.regattaverein-wuerzburg.de\/index.php?rest_route=\/wp\/v2\/pages\/54","targetHints":{"allow":["GET"]}}],"collection":[{"href":"http:\/\/www.regattaverein-wuerzburg.de\/index.php?rest_route=\/wp\/v2\/pages"}],"about":[{"href":"http:\/\/www.regattaverein-wuerzburg.de\/index.php?rest_route=\/wp\/v2\/types\/page"}],"author":[{"embeddable":true,"href":"http:\/\/www.regattaverein-wuerzburg.de\/index.php?rest_route=\/wp\/v2\/users\/1"}],"replies":[{"embeddable":true,"href":"http:\/\/www.regattaverein-wuerzburg.de\/index.php?rest_route=%2Fwp%2Fv2%2Fcomments&post=54"}],"version-history":[{"count":7,"href":"http:\/\/www.regattaverein-wuerzburg.de\/index.php?rest_route=\/wp\/v2\/pages\/54\/revisions"}],"predecessor-version":[{"id":615,"href":"http:\/\/www.regattaverein-wuerzburg.de\/index.php?rest_route=\/wp\/v2\/pages\/54\/revisions\/615"}],"wp:attachment":[{"href":"http:\/\/www.regattaverein-wuerzburg.de\/index.php?rest_route=%2Fwp%2Fv2%2Fmedia&parent=54"}],"curies":[{"name":"wp","href":"https:\/\/api.w.org\/{rel}","templated":true}]}}