{"id":82,"date":"2014-09-02T23:29:29","date_gmt":"2014-09-02T21:29:29","guid":{"rendered":"http:\/\/www.regattaverein-wuerzburg.de\/?page_id=82"},"modified":"2021-09-24T15:35:09","modified_gmt":"2021-09-24T13:35:09","slug":"unterkuenfte-in-der-naehe-der-regattastrecke","status":"publish","type":"page","link":"http:\/\/www.regattaverein-wuerzburg.de\/?page_id=82","title":{"rendered":"Unterk\u00fcnfte in der N\u00e4he der Regattastrecke"},"content":{"rendered":"<table border=\"0\">\n<tr>\n<td width=\"220\" height=\"160\"><img decoding=\"async\" alt=\"Best Western W\u00fc-S\u00fcd\" src=\"https:\/\/media-cdn.tripadvisor.com\/media\/photo-s\/0f\/69\/05\/f8\/hotelansicht-mit-den.jpg\" width=\"200\" align=\"top\"><\/td>\n<td><strong>Best Western W\u00fcrzburg-S\u00fcd<\/strong><br \/>\nMergentheimer Str. 162-168, 97084 W\u00fcrzburg, Tel. 0931 \/ 6 15 10<br \/>\n2,3 km zur Regattastrecke, Stra\u00dfenbahn zur Altstadt<br \/>\n<a title=\"Posthotel\" href=\"http:\/\/www.posthotel-wuerzburg.de\/de\/\" target=\"_blank\">Internetseite<\/a><\/td>\n<\/tr>\n<tr>\n<td height=\"150\"><img decoding=\"async\" alt=\"Postkutscherl\" src=\"http:\/\/postkutscherl.de\/wp-content\/uploads\/2018\/07\/ds7_2265-1.jpg\" width=\"200\" align=\"top\"><\/td>\n<td><strong>Pension Postkutscherl<\/strong><br \/>\nWaldkugelweg 5, 97082 W\u00fcrzburg, Tel. 0931 \/ 78 11 00<br \/>\n1 km zur Regattastrecke, Stra\u00dfenbahn zur Altstadt<br \/>\n<a title=\"Postkutscherl\" href=\"http:\/\/www.postkutscherl.de\/\" target=\"_blank\">Internetseite<\/a><\/td>\n<\/tr>\n<tr>\n<td height=\"150\"><img decoding=\"async\" src=\"http:\/\/www.unser-wuerzburg.de\/g\/freizeit\/59.jpg\" alt=\"DJH W\u00fcrzburg\" width=\"200\" align=\"top\"><\/td>\n<td><strong>Jugendherberge W\u00fcrzburg<\/strong><br \/>\nFred-Josef-Platz 2, 97082 W\u00fcrzburg, Tel. 0931 \/ 4 67 78 60<br \/>\n1 km zur Regattastrecke, Laufentfernung zur Altstadt<br \/>\n<a href=\"http:\/\/wuerzburg.jugendherberge.de\/\" title=\"DJH W\u00fcrzburg\" target=\"_blank\">Internetseite<\/a>\n<\/td>\n<\/tr>\n<tr>\n<td height=\"160\"><img decoding=\"async\" src=\"https:\/\/www.ahstatic.com\/photos\/1697_ho_00_p_1024x768.jpg\" alt=\"Mercure\" width=\"200\" align=\"top\"><\/td>\n<td><strong>Mercure Hotel W\u00fcrzburg<\/strong><br \/>\nDreikronenstr. 27, 97082 W\u00fcrzburg, Tel. 0931 \/ 4 19 30<br \/>\n1,8 km zur Regattastrecke, Laufentfernung zur Altstadt<br \/>\n<a href=\"https:\/\/all.accor.com\/hotel\/1697\/index.de.shtml?dateIn=&#038;nights=&#038;compositions=1&#038;stayplus=false#origin=mercure\" title=\"Mercure\" target=\"_blank\">Internetseite<\/a><\/td>\n<\/tr>\n<tr>\n<td height=\"160\"><img decoding=\"async\" src=\"https:\/\/image.jimcdn.com\/app\/cms\/image\/transf\/none\/path\/s8078869b7deb7aea\/image\/ic461384309e47d0d\/version\/1462698172\/image.jpg\" alt=\"Kanu-Zeltplatz\" width=\"200\" align=\"top\"><\/td>\n<td><strong>Zeltplatz des Kanuclub W\u00fcrzburg<\/strong><br \/>\nMergentheimer Str. 13b, 97082 W\u00fcrzburg, Tel. 0931 \/ 7 25 36<br \/>\ndirekt an der Regattastrecke, Stra\u00dfenbahn zur Altstadt<br \/>\n<a href=\"https:\/\/www.kc-wuerzburg.de\/camping\/zeltplatz\/\" title=\"Kanu-Zeltplatz\" target=\"_blank\">Internetseite<\/a><\/td>\n<\/tr>\n<tr>\n<td height=\"160\"><img decoding=\"async\" src=\"http:\/\/www.kalte-quelle.de\/images\/headers\/Bilder_Startseite\/luftbild2011.jpg\" alt=\"Campingplatz Kalte Quelle\" width=\"200\" align=\"top\"><\/td>\n<td><strong>Campingplatz Kalte Quelle<\/strong><br \/>\nWinterh\u00e4user Str. 160, 97084 W\u00fcrzburg, Tel. 0931 \/ 6 55 98<br \/>\n6 km zur Regattastrecke, kein \u00d6PNV<br \/>\n<a href=\"http:\/\/www.kalte-quelle.de\/\" title=\"Campingplatz Kalte Quelle\" target=\"_blank\">Internetseite<\/a><\/td>\n<\/tr>\n<\/table>\n<p>Weitere Hotels und Unterk\u00fcnfte auf <a href=\"http:\/\/www.wuerzburg.de\/de\/gaeste\/hotels-hostels\/index.html\" title=\"Hotels W\u00fcrzburg\" target=\"_blank\">wuerzburg.de<\/a><\/p>\n","protected":false},"excerpt":{"rendered":"<p>Best Western W\u00fcrzburg-S\u00fcd Mergentheimer Str. 162-168, 97084 W\u00fcrzburg, Tel. 0931 \/ 6 15 10 2,3 km zur Regattastrecke, Stra\u00dfenbahn zur Altstadt Internetseite Pension Postkutscherl Waldkugelweg 5, 97082 W\u00fcrzburg, Tel. 0931 \/ 78 11 00 1 km zur Regattastrecke, Stra\u00dfenbahn zur Altstadt Internetseite Jugendherberge W\u00fcrzburg Fred-Josef-Platz 2, 97082 W\u00fcrzburg, Tel. 0931 \/ 4 67 78 60 [&hellip;]<\/p>\n","protected":false},"author":1,"featured_media":0,"parent":0,"menu_order":0,"comment_status":"closed","ping_status":"closed","template":"","meta":{"footnotes":""},"class_list":["post-82","page","type-page","status-publish","hentry"],"_links":{"self":[{"href":"http:\/\/www.regattaverein-wuerzburg.de\/index.php?rest_route=\/wp\/v2\/pages\/82","targetHints":{"allow":["GET"]}}],"collection":[{"href":"http:\/\/www.regattaverein-wuerzburg.de\/index.php?rest_route=\/wp\/v2\/pages"}],"about":[{"href":"http:\/\/www.regattaverein-wuerzburg.de\/index.php?rest_route=\/wp\/v2\/types\/page"}],"author":[{"embeddable":true,"href":"http:\/\/www.regattaverein-wuerzburg.de\/index.php?rest_route=\/wp\/v2\/users\/1"}],"replies":[{"embeddable":true,"href":"http:\/\/www.regattaverein-wuerzburg.de\/index.php?rest_route=%2Fwp%2Fv2%2Fcomments&post=82"}],"version-history":[{"count":49,"href":"http:\/\/www.regattaverein-wuerzburg.de\/index.php?rest_route=\/wp\/v2\/pages\/82\/revisions"}],"predecessor-version":[{"id":489,"href":"http:\/\/www.regattaverein-wuerzburg.de\/index.php?rest_route=\/wp\/v2\/pages\/82\/revisions\/489"}],"wp:attachment":[{"href":"http:\/\/www.regattaverein-wuerzburg.de\/index.php?rest_route=%2Fwp%2Fv2%2Fmedia&parent=82"}],"curies":[{"name":"wp","href":"https:\/\/api.w.org\/{rel}","templated":true}]}}